1173.
3, 17, 23
List the prime factors of 8621.
37, 233
What are the prime factors of 99645?
3, 5, 7, 13, 73
List the prime factors of 45369.
3, 71
What are the prime factors of 13690?
2, 5, 37
List the prime factors of 4151.
7, 593
List the prime factors of 620.
2, 5, 31
List the prime factors of 14035.
5, 7, 401
List the prime factors of 10760.
2, 5, 269
List the prime factors of 63440.
2, 5, 13, 61
What are the prime factors of 40915?
5, 7, 167
What are the prime factors of 518?
2, 7, 37
What are the prime factors of 70275?
3, 5, 937
List the prime factors of 80521.
7, 11503
What are the prime factors of 17994?
2, 3, 2999
List the prime factors of 30.
2, 3, 5
List the prime factors of 772.
2, 193
What are the prime factors of 1065?
3, 5, 71
What are the prime factors of 6741?
3, 7, 107
What are the prime factors of 1001?
7, 11, 13
What are the prime factors of 6787?
11, 617
What are the prime factors of 30486?
2, 3, 5081
What are the prime factors of 85870?
2, 5, 31, 277
What are the prime factors of 30711?
3, 29, 353
List the prime factors of 81191.
11, 61
List the prime factors of 1455.
3, 5, 97
What are the prime factors of 3743?
19, 197
What are the prime factors of 13684?
2, 11, 311
What are the prime factors of 38275?
5, 1531
List the prime factors of 596.
2, 149
What are the prime factors of 18129?
3, 6043
What are the prime factors of 9952?
2, 311
List the prime factors of 5528.
2, 691
What are the prime factors of 7171?
71, 101
What are the prime factors of 13846?
2, 7, 23, 43
What are the prime factors of 2845?
5, 569
What are the prime factors of 2871?
3, 11, 29
What are the prime factors of 17924?
2, 4481
List the prime factors of 3322.
2, 11, 151
List the prime factors of 1914.
2, 3, 11, 29
What are the prime factors of 33000?
2, 3, 5, 11
What are the prime factors of 105396?
2, 3, 8783
What are the prime factors of 905?
5, 181
What are the prime factors of 1819?
17, 107
What are the prime factors of 917?
7, 131
What are the prime factors of 37517?
37517
List the prime factors of 1106.
2, 7, 79
What are the prime factors of 36825?
3, 5, 491
List the prime factors of 1188.
2, 3, 11
What are the prime factors of 61189?
43, 1423
List the prime factors of 272.
2, 17
What are the prime factors of 48238?
2, 89, 271
What are the prime factors of 5255?
5, 1051
List the prime factors of 1402.
2, 701
What are the prime factors of 2636?
2, 659
List the prime factors of 493.
17, 29
What are the prime factors of 261?
3, 29
List the prime factors of 1022.
2, 7, 73
What are the prime factors of 15134?
2, 7, 23, 47
List the prime factors of 554.
2, 277
List the prime factors of 1308.
2, 3, 109
List the prime factors of 2438.
2, 23, 53
List the prime factors of 19972.
2, 4993
What are the prime factors of 4226?
2, 2113
What are the prime factors of 12850?
2, 5, 257
What are the prime factors of 17435?
5, 11, 317
List the prime factors of 26339.
26339
What are the prime factors of 8788?
2, 13
List the prime factors of 4019.
4019
What are the prime factors of 1239?
3, 7, 59
What are the prime factors of 104403?
3, 13, 2677
List the prime factors of 19483.
19483
What are the prime factors of 901?
17, 53
List the prime factors of 132332.
2, 33083
List the prime factors of 2360.
2, 5, 59
What are the prime factors of 53972?
2, 103, 131
What are the prime factors of 5565?
3, 5, 7, 53
List the prime factors of 17320.
2, 5, 433
List the prime factors of 1704.
2, 3, 71
List the prime factors of 306.
2, 3, 17
List the prime factors of 4159.
4159
What are the prime factors of 929?
929
List the prime factors of 45738.
2, 3, 7, 11
What are the prime factors of 21997?
21997
What are the prime factors of 10083?
3, 3361
List the prime factors of 142.
2, 71
What are the prime factors of 95988?
2, 3, 19, 421
What are the prime factors of 2348?
2, 587
What are the prime factors of 30904?
2, 3863
List the prime factors of 2004.
2, 3, 167
List the prime factors of 1254.
2, 3, 11, 19
List the prime factors of 942.
2, 3, 157
List the prime factors of 900.
2, 3, 5
What are the prime factors of 10259?
10259
What are the prime factors of 7380?
2, 3, 5, 41
List the prime factors of 2037.
3, 7, 97
List the prime factors of 4933.
4933
What are the prime factors of 63114?
2, 3, 67, 157
List the prime factors of 79067.
17, 4651
What are the prime factors of 9319?
9319
What are the prime factors of 1387?
19, 73
What are the prime factors of 22687?
7, 463
List the prime factors of 5666.
2, 2833
List the prime factors of 3488.
2, 109
List the prime factors of 26960.
2, 5, 337
What are the prime factors of 654?
2, 3, 109
List the prime factors of 2667.
3, 7, 127
List the prime factors of 171.
3, 19
List the prime factors of 9575.
5, 383
List the prime factors of 10686.
2, 3, 13, 137
List the prime factors of 9583.
7, 37
List the prime factors of 1505.
5, 7, 43
List the prime factors of 13924.
2, 59
List the prime factors of 7325.
5, 293
List the prime factors of 3741.
3, 29, 43
List the prime factors of 5283.
3, 587
List the prime factors of 908.
2, 227
What are the prime factors of 289?
17
List the prime factors of 7936.
2, 31
What are the prime factors of 568?
2, 71
List the prime factors of 16712.
2, 2089
List the prime factors of 305.
5, 61
List the prime factors of 2595.
3, 5, 173
What are the prime factors of 7651?
7, 1093
What are the prime factors of 27131?
13, 2087
List the prime factors of 131910.
2, 3, 5, 4397
What are the prime factors of 20524?
2, 7, 733
List the prime factors of 1111.
11, 101
List the prime factors of 26442.
2, 3, 13, 113
List the prime factors of 76716.
2, 3, 2131
List the prime factors of 1603.
7, 229
List the prime factors of 91517.
23, 173
What are the prime factors of 2037?
3, 7, 97
List the prime factors of 224.
2, 7
What are the prime factors of 6733?
6733
What are the prime factors of 269?
269
What are the prime factors of 628?
2, 157
List the prime factors of 1326.
2, 3, 13, 17
What are the prime factors of 31499?
13, 2423
List the prime factors of 6512.
2, 11, 37
What are the prime factors of 5640?
2, 3, 5, 47
List the prime factors of 2343.
3, 11, 71
What are the prime factors of 16604?
2, 7, 593
What are the prime factors of 14806?
2, 11, 673
List the prime factors of 9409.
97
What are the prime factors of 27085?
5, 5417
List the prime factors of 162.
2, 3
List the prime factors of 49948.
2, 12487
What are the prime factors of 97688?
2, 12211
What are the prime factors of 8878?
2, 23, 193
List the prime factors of 1251.
3, 139
List the prime factors of 26502.
2, 3, 7, 631
What are the prime factors of 3373?
3373
List the prime factors of 2671.
2671
List the prime factors of 68049.
3, 7561
List the prime factors of 3028.
2, 757
List the prime factors of 763.
7, 109
What are the prime factors of 6526?
2, 13, 251
What are the prime factors of 15843?
3, 5281
List the prime factors of 1259.
1259
What are the prime factors of 144592?
2, 7, 1291
List the prime factors of 810.
2, 3, 5
List the prime factors of 711.
3, 79
What are the prime factors of 657?
3, 73
List the prime factors of 318.
2, 3, 53
What are the prime factors of 403?
13, 31
What are the prime factors of 3522?
2, 3, 587
List the prime factors of 2033.
19, 107
List the prime factors of 4814.
2, 29, 83
What are the prime factors of 1520?
2, 5, 19
What are the prime factors of 29299?
83, 353
List the prime factors of 13024.
2, 11, 37
What are the prime factors of 4274?
2, 2137
What are the prime factors of 73132?
2, 47, 389
What are the prime factors of 206?
2, 103
What are the prime factors of 32807?
53, 619
List the prime factors of 120472.
2, 11, 37
List the prime factors of 6522.
2, 3, 1087
What are the prime factors of 3209?
3209
What are the prime factors of 10564?
2, 19, 139
List the prime factors of 3428.
2, 857
What are the prime factors of 592?
2, 37
What are the prime factors of 1313?
13, 101
What are the prime factors of 8497?
29, 293
What are the prime factors of 7488?
2, 3, 13
List the prime factors of 5437.
5437
What are the prime factors of 33735?
3, 5, 13, 173
What are the prime factors of 1599?
3, 13, 41
List the prime factors of 31703.
7, 647
What are the prime factors of 2466?
2, 3, 137
What are the prime factors of 3384?
2, 3, 47
What are the prime factor